2
Let b(i) be the third derivative of i**4/24 - i**3 + 2*i**2. Suppose -5 = -2*u + 5. Determine b(u).
-1
Let w(s) = -6*s**3 + 9*s**2 - 13*s + 2. Let r(g) = -5*g**3 + 9*g**2 - 12*g + 2. Let p(h) = 5*r(h) - 4*w(h). Give p(8).
2
Let b(q) = 2*q - 2*q**2 + 3 - 4*q - 4. Suppose 5*v - 2 = -2*t, 0*t + 2*v + 1 = t. Suppose 5*s = -4 - t. Calculate b(s).
-1
Let p(z) = z + 7. Let x = 47 - 55. Give p(x).
-1
Let f(n) be the second derivative of -n**6/120 - n**5/20 + n**4/24 - n**3/6 + 5*n**2/2 + 2*n. Let g(s) be the first derivative of f(s). Determine g(-4).
11
Let b(r) = -3*r + 1. Let a(y) = 2*y - 12. Let m be a(10). Suppose 0*q - m = -4*q. Determine b(q).
-5
Let c(x) = -1 + 3*x + x - 6*x. Let a(y) = 5*y + 4. Let m(o) = 6*o + 3. Let d(h) = 5*a(h) - 4*m(h). Let b be d(-6). Calculate c(b).
-5
Let b(i) be the first derivative of i**3/3 - i**2/2 - 3*i - 5. Suppose 5*f - f = 0. Give b(f).
-3
Suppose -u = -5*s + 15, 2*s - 2*u - 4 = 2. Let n(b) = -s*b**2 + 1 - 1 + 2 + b + b**3. What is n(2)?
0
Let c(t) = 3*t + 18. Let k(w) = -w - 9. Let s(r) = 2*c(r) + 5*k(r). Let y be s(10). Let u(n) = 4*n**3 - 1. Give u(y).
3
Suppose l - 6*l - 30 = 0. Let m(i) = -2*i - 5. Give m(l).
7
Let p(n) = -2*n**2 + 2*n + 2. Let t(s) = s**2 - s - 1. Let r(g) = 2*p(g) + 3*t(g). Let z(f) = f**3 - f**2 - 6*f. Let w(q) = -2*r(q) - z(q). What is w(3)?
10
Let q(j) = -2*j + 0*j + 1 + 5*j + 0. Determine q(1).
4
Let j(v) be the second derivative of -v**5/20 - 3*v**4/4 - 4*v**3/3 + 3*v**2 + v + 2. Give j(-8).
6
Let p(s) = -6*s**3 + 5*s**2 + 7*s - 3. Let w(l) = 7*l**3 - 6*l**2 - 8*l + 4. Let z(f) = 6*p(f) + 5*w(f). Determine z(-2).
6
Let s = -20 - -15. Let q(b) = b**2 + 4*b - 3. Calculate q(s).
2
Let d be (10/(-3))/(6/9). Let x(z) be the first derivative of -z**5/60 - z**4/8 + z**3/2 + z**2/2 - 2. Let n(r) be the second derivative of x(r). What is n(d)?
-7
Let c(h) = h**3 + h**2. Suppose 0*f - 8 = 2*f - 3*p, 0 = -3*p + 6. What is c(f)?
0
Suppose -5*b - 19 = -14. Let m be 1*9/3 + 0. Let w(f) = -f**2 - 1. Let k(s) = -3*s**2 - s - 3. Let p(t) = m*k(t) - 8*w(t). What is p(b)?
1
Let l(q) = 6*q - 1. Suppose -29 + 23 = 6*f. Give l(f).
-7
Let u(z) = z**2 - 4*z - 2. Let t = 60 - 55. Give u(t).
3
Let z be 1/2 - 72/(-16). Let o(n) = -8*n + 4 + 7*n**2 + z - 2 + 1 - n**3. Determine o(6).
-4
Let q(o) be the second derivative of -o**7/2520 - o**6/360 - o**5/30 + o**4/12 + 3*o. Let d(t) be the third derivative of q(t). What is d(-3)?
-7
Let o(b) = -2*b**2 - 3*b - 1 - b**2 - 2*b**2 - b**3. Let j(i) = i**2 - 6*i + 5. Let r be j(3). Calculate o(r).
-5
Let i(b) be the third derivative of b**4/24 + b**3/3 - 6*b**2. What is i(-3)?
-1
Let m(p) be the third derivative of p**5/60 - 3*p**3/2 + p**2. Suppose -5*b + 2 = -13. Suppose k = b*k. Determine m(k).
-9
Let z(v) = -v**3 + 2*v**2 + v. Let m be z(2). Let a(r) = 0*r**2 - r**2 - 3 - 2*r - 2*r + m. Calculate a(-4).
-1
Suppose 6*n = 10*n - 20. Let r(p) be the third derivative of p**7/5040 + p**6/360 - p**5/60 + p**2. Let f(t) be the third derivative of r(t). Give f(n).
7
Let h(f) = -f**2 + 4*f - 3. Let r(g) = -2*g**3 - 2*g**2 + g + 2. Let z be r(-2). Let n = -5 + z. What is h(n)?
0
Let p(g) = 5. Let t(y) = y - 1. Let f(b) = p(b) - 2*t(b). Suppose -4*j + 9*j - 45 = 0. Let w(x) = -x + 3. Let a(z) = j*w(z) - 4*f(z). Determine a(-4).
3
Suppose 2*g + 5 = 7*k - 2*k, -k + 9 = -2*g. Let p(l) be the first derivative of -l**2 - 13. Determine p(g).
10
Let f(h) = -h**2 + 2*h**2 - h + 2 - 3. Let t = 16 + -17. Give f(t).
1
Let h(z) = 2*z + 4*z - 5*z - 3. Determine h(6).
3
Let q(c) = -c - 7. Let v be 3/15 + (-3)/15. Let n = v - -5. What is q(n)?
-12
Let h be 8/(-36) + 4/18. Let a(y) = 2*y + y + h*y + 3 + 5. Give a(-6).
-10
Suppose -14*v = -7*v - 21. Suppose 0 = 3*f + 5*q, 2*f + 0*q = 4*q + 22. Let u(a) = 5 - v*a + f*a - a - 1. Calculate u(6).
10
Let g(l) = -l - 9. Suppose a + 3*y + 4 = -6, -49 = 4*a + 3*y. Let j = 8 + a. Determine g(j).
-4
Let t be 2 + -7 - (7 + -3). Let m(i) = i**3 + 10*i**2 + 9*i + 6. Determine m(t).
6
Suppose 10 = -4*f - 18. Let o(s) = s**2 + 7*s + 8. Calculate o(f).
8
Let w(k) = -5*k + 3 + 0 + 2 + k**2. Let d(q) = -q + 5 + 2*q - 4. Let m be d(3). Give w(m).
1
Suppose p + 2 = 3*a, -2*a + 1 = -3*a + 2*p. Let y be (0 + -6)/(a*-2). Let f(h) = -h. Calculate f(y).
-3
Let y(p) = p**3 + 6*p**2 + 6*p + 7. Suppose 5*t - 4*r + 23 = -2, 5*t = -5*r - 25. Determine y(t).
2
Let b(q) be the first derivative of q**2/2 - 3*q - 1. Suppose 0 = 2*j - 0*j. Let r be b(j). Let h(k) = 2*k**2 + 2*k - 2. Give h(r).
10
Let o(z) = -z**2 + z. Let r(l) = -l**2 - 10*l + 9. Let m be r(-11). Let a = m + 2. Calculate o(a).
0
Let n(w) be the third derivative of w**5/20 - w**4/12 - w**3/6 - 13*w**2. What is n(2)?
7
Let f(s) be the second derivative of -3*s**4/4 - s**3/3 - s**2/2 + 9*s. Determine f(-1).
-8
Suppose -2*q = -6*q + 4. Let o(t) = 2*t - 1 - t - q - 2. Let a be (-2)/(-4) - (-18)/(-4). Determine o(a).
-8
Let d(k) = k + 1. Let y be d(3). Let u(t) = t**3 - 4*t**2 + 4*t - 2. What is u(y)?
14
Let a(z) = z**3 + 14. Let q = -54 - -54. Determine a(q).
14
Let r(b) be the first derivative of b**2 + 3*b + 5. Calculate r(-3).
-3
Suppose 3*q + q = -20. Let v(l) = -l**2 - 1 - 3 - 2 + 5 - 4*l. Calculate v(q).
-6
Let u(b) be the second derivative of -b**4/12 + 5*b**3/6 - 7*b**2/2 - 28*b. Give u(5).
-7
Let b(r) = -r**3 + 7*r**2 + 5. Let v be -2*7*2/(-4). What is b(v)?
5
Let p(x) = 4*x + 6. Let i(z) = 7*z + 13. Let w(r) = 6*i(r) - 11*p(r). Determine w(8).
-4
Let r = 4 - 1. Suppose -5*o = -0*o - 5*x - 10, -r*o - 2*x - 4 = 0. Suppose o = -2*c - 0*c. Let y(i) = -i**2 + i + 8. Determine y(c).
8
Let a(i) = 34 - 28 + i + 0*i. Calculate a(-6).
0
Let z(o) be the third derivative of o**9/60480 + o**8/20160 - o**7/2520 - o**5/12 + 2*o**2. Let u(k) be the third derivative of z(k). Determine u(-3).
-12
Let h(i) = -6*i + 5. Let s(c) = -5*c + 4. Let b(f) = 4*h(f) - 5*s(f). Calculate b(4).
4
Let v(b) be the first derivative of -b**2 - 34. Calculate v(2).
-4
Let d(j) = 7*j - 2. Let v be 2*2*(5 + (-36)/8). Calculate d(v).
12
Suppose -4*y + 2*z + 16 = 0, -5*y - 4*z + 12 = -2*y. Let l(q) be the second derivative of -q**3 + 0*q**2 - 1/20*q**5 + 0 + 1/2*q**y - q. Determine l(4).
8
Let w(y) = 8*y**2 - 3*y - 2. Let p(k) = k**2 - k. Let z(u) = -6*p(u) + w(u). Let r(v) = 3*v - 3. Let x be r(0). Give z(x).
7
Let g(z) = -10*z**3 + 22*z**2 + 15*z. Let s(j) = 3*j**3 - 7*j**2 - 5*j. Let u(v) = -2*g(v) - 7*s(v). Give u(6).
-6
Let k(c) = c - 10. Suppose 7 = 2*b - 5. Calculate k(b).
-4
Let y(t) = -3*t + 2. Let b be y(1). Let c(p) be the third derivative of -p**6/120 - p**5/20 - p**4/24 - p**2. What is c(b)?
-1
Let a(c) be the first derivative of 5/3*c**3 - 7/2*c**2 + 1/4*c**4 - 1 - 7*c. Suppose -3*y - 4*m + 10 - 36 = 0, -y = -3*m. Determine a(y).
-1
Let t(i) = 4 - 2*i - 3 - i. Suppose 4*w - 2*d + 110 = 0, 4*d - 1 - 11 = 0. Let s = -28 - w. Determine t(s).
7
Let o(s) be the second derivative of s**3/3 - 3*s**2 - 19*s. Let u(i) = i**3 - 3*i**2 + 4. Let c be u(3). Give o(c).
2
Let s be 24/16 - 1 - 13/(-2). Let q(l) = -2*l + 7. Determine q(s).
-7
Let x(u) = -2*u + 3. Let t(f) = -2*f - 2. Let i be t(-2). Suppose i*h - 3*h = 7. Let z = h + 11. Give x(z).
-5
Suppose -6*r = -15 - 9. Let w(u) = 5*u**2 - 11*u - 3. Let g(k) = -14*k**2 + 32*k + 8. Let d(j) = -4*g(j) - 11*w(j). Calculate d(r).
-11
Suppose -y + 10 = y. Let b(o) = -o - o**2 - y - 2*o - 4*o. Give b(-4).
7
Let i(j) be the first derivative of -j**4/4 - 7*j**3/3 - j**2/2 + 4*j + 71. Give i(-6).
-26
Suppose -20*c = -25 - 15. Let n(v) = 4*v**2 - 3*v - 2. Give n(c).
8
Let s(o) = -4*o + 3*o + 0*o. Let h(c) = -c. Let t be h(0). Give s(t).
0
Let a be (-5 + 1)*2/(-4). Let d(q) = 5*q**2 - q - a*q**3 + 3*q**3 + 0*q**2 - 2*q**3 - 2. What is d(4)?
10
Let i(j) = -j**2 + 6*j + 3. Let m be i(6). Let n(u) = 4*u - m*u - 2*u. What is n(5)?
-5
Let y = 7 + -3. Let n(f) = -9*f + 4. Let l(z) = -5*z + 2. Let a(m) = y*n(m) - 7*l(m). Suppose -3*k - 12 = 0, 5*k - k = 3*i - 25. Calculate a(i).
-1
Let c = 4 - 3. Let p(n) = -n. Let q(j) = 5*j**2 + 5*j**2 - 4*j**2 - 3*j - 1 - 4*j**2. Let g(z) = -5*p(z) + q(z). What is g(c)?
3
Let a(d) = -2*d**3 - 3*d**2 + 3*d + 3. Suppose q = b - q - 1, 5*b + 4*q + 23 = 0. Give a(b).
21
Let g(n) = 2*n + 2. Let p(a) = -a. Let t(o) = -g(o) - 6*p(o). Let i = 21 + -29. Let f be (-2)/3 + i/(-3)